prime?
False
Suppose 0 = -4*i - 3*c + 19, i + 3*i = -4*c + 20. Suppose p - 10 = -i*p + 2*r, -20 = 4*r. Suppose -2*u + p*u = -1810. Is u prime?
False
Is (-10)/65 + (-13053549)/(-351) + (-64)/144 a prime number?
True
Let y = 62 - 62. Suppose y = 8*s - 2257 - 3175. Is (-8)/8 + s + -1 prime?
True
Let t(y) = 28*y - 57. Let i be t(3). Suppose -i*a + 5688 = -11349. Is a a prime number?
True
Let g(o) = o**3 - 3*o**2 - 10*o + 6. Let r be g(5). Let c be r + (1 - 12/4). Suppose 5*l = -4*q + l + 4104, 3085 = 3*q - c*l. Is q a composite number?
True
Suppose o - 70146 = 4*n - 9792, 120696 = 2*o - 5*n. Is o prime?
False
Suppose i = -k - 103245, 4*k = 5*i + 3*k + 516195. Is i/(-56) + 4/7*-1 composite?
True
Suppose 3*n + 2855 = 6*j - 2*j, n + 3555 = 5*j. Suppose 3*h - h + 3*l - 462 = 0, -3*h + j = -4*l. Is 1 + h + 3 + -3 prime?
False
Suppose -12*v = 12870 + 105126. Let s = -6714 - v. Is s a prime number?
True
Let d = -2752 - -4162. Suppose 5*a - 2*z - d = a, -a - 5*z = -358. Let f = a + 60. Is f prime?
False
Suppose -5*u + 27236 + 671463 = d, 0 = -3*u - 4*d + 419233. Is u a prime number?
True
Suppose -2*p + 2*a = -119166, 128*p + 2*a = 133*p - 297909. Is p a composite number?
False
Let t be 219/(-146) + 2/4*-133. Let g be (-3)/((-6)/t) + -1. Let b = 551 - g. Is b a prime number?
False
Let o(b) = -b + 21. Let p be o(16). Suppose s = -0*s, 3*w + p*s = 44478. Suppose -w = -6*d - 0*d. Is d composite?
True
Let i be -3 - ((-5140)/15)/((-1)/(-18)). Suppose -1209 - i = -3*b. Is b a composite number?
True
Let o(k) = -60*k**3 - 4*k**2 + 49*k + 418. Is o(-9) a prime number?
False
Suppose 2*i - 96 = -4*q - 22, 3*q - 108 = -3*i. Let h = -31 + i. Suppose -h*j + 966 = -1182. Is j prime?
False
Is 29009*(-9 - (-8 + -2)) composite?
False
Suppose 4*n + 45542 = -5*i, 4*i - n + 36418 = n. Let f = 14231 + i. Suppose 0 = 3*j - 9*w + 5*w - f, -4*j = w - 6846. Is j a prime number?
False
Let q = 8 + -8. Suppose q = 3*i - i + 4. Is (-1311)/(-7) + i/7 composite?
True
Let h(w) be the third derivative of -11*w**4/3 + 5*w**3/6 + 3*w**2. Is h(-9) prime?
True
Suppose 2*z - 7 = 5*k, 5*z = 2*z + 5*k + 13. Let u be z*4/56 - (-264)/21. Let y(b) = 15*b**2 + 9*b + 9. Is y(u) prime?
False
Suppose 11*x - 5 = -5. Suppose -9770 + 658 = 4*z + 5*c, x = -4*z + 4*c - 9112. Let y = z + 3233. Is y prime?
False
Let q(h) = -50*h + 53. Let w = -189 + 184. Is q(w) a composite number?
True
Let p be 0 - ((-230056)/(-32) - 6/(-8)). Let w = 173 - p. Is w a prime number?
False
Let s(i) = 69*i - 59. Let o be s(5). Let r = o + 1257. Is r a composite number?
False
Suppose -4*q - 4*a - 864336 = -3576860, -2*q + 1356304 = -5*a. Is q composite?
True
Let g be ((-12)/(-10))/(2/(-10)). Let y be (-6)/(-14) - g/(-14). Suppose 0 = -4*x - 5*b + 341, 5*x - 4*b - b - 460 = y. Is x a prime number?
True
Let a = 242876 - -508733. Is a prime?
True
Let q = 744 - 742. Suppose -i = -4*z - 4367, 3608 + 735 = i + q*z. Is i prime?
False
Let i(s) = -4*s**3 - 14*s**2 + 4*s + 17. Let p be (-25)/((-3)/(-3) - 0). Let y = p + 17. Is i(y) a composite number?
True
Let t = 5860 + 470. Suppose 0 = -9*o + 15*o - t. Is o prime?
False
Let a(c) = -13*c**2 + 6*c - c**3 - 29 + 2*c - 6*c**2. Let s = -457 + 437. Is a(s) a composite number?
False
Let p(i) = -205*i + 15. Let y be p(15). Let g = y - -5393. Is g composite?
False
Suppose 0 = 4*t + 3*a + 568, 0 = -4*t + 8*t - 2*a + 548. Let i = t - -142. Suppose -h + 5*u + 3457 = 4*u, -4*h + 13828 = i*u. Is h prime?
True
Let r(i) = -19*i + 20. Let l be r(-4). Let m(z) = l*z + 341*z + 6 - 1 - 65*z. Is m(5) a composite number?
True
Suppose 19*m - 49011 - 160502 = 0. Is m prime?
True
Let r(o) = 1530*o**2 - 114*o - 805. Is r(-7) composite?
True
Let w be -1039 + -3 + 2/(-1). Let q = -490 - w. Let j = 947 - q. Is j a prime number?
False
Suppose v = 5*w - 5009144 - 742845, -11503958 = 2*v - 5*w. Is 4/(-14) - v/413 prime?
False
Let q be 6/9 - -1164*(-8)/36. Is -2 + (1 - (0 + q)) a composite number?
False
Suppose -7 = -5*x + 3. Let r be 0/(3 - (0 + x)). Suppose -3*g + 231 = 3*c, 4*c - 150 = -2*g - r*c. Is g a prime number?
True
Let j(c) = 2028*c - 163. Is j(119) a prime number?
True
Let r = -148314 + 297457. Is r prime?
True
Let g(q) = -378*q**3 - 8*q**2 - 13*q - 22. Let k be (-42)/(-189) - (-94)/(-18). Is g(k) a composite number?
False
Let y(d) = -1108*d - 202. Let p be y(15). Let m = 27879 + p. Is m a prime number?
True
Suppose -61736 = 248*n - 256*n. Is n a composite number?
False
Suppose -2*o = -o + 5. Let x be o*6*(-5)/(-75). Is x/12 + 13406/12 prime?
True
Let g(m) = -318*m - 19. Let u be g(10). Let i = -1430 - u. Is i prime?
False
Suppose -5*a + 138003 = 3*x, 2*a = 5*x - 4*x + 55210. Suppose 15*t - 24*t + a = 0. Is t a prime number?
True
Let r = -22 - -24. Let b be (-6)/((-4 - 44/(-8))/r). Is (34/b)/((-17)/476) prime?
False
Let z be (42/12 + 1)*114. Let f be 2/2*1 + 1989. Suppose 0 = c + z - f. Is c a composite number?
True
Let w(g) be the third derivative of g**5/60 - 11*g**4/24 + 2*g**3 - 19*g**2. Let o be w(9). Is o/(-1)*((-303)/(-6) + -2) prime?
False
Suppose -6*f + f = m - 13241, 3*f = 4*m - 52895. Let g = -8931 + m. Is g a composite number?
True
Suppose 35*r = 308126 + 415359. Let v = r - 5130. Is v a prime number?
True
Let i(u) = 9*u + 24646. Is i(0) prime?
False
Let p(s) be the third derivative of 211*s**4/24 + 19*s**3/6 + 38*s**2 + 8*s. Let m = 29 - 19. Is p(m) prime?
True
Suppose -5*i = 272 - 387. Suppose -i*k + 17*k = -31470. Is k a prime number?
False
Let c = 221006 + -84592. Is c prime?
False
Let f(r) = 51*r**2 - 3*r + 1. Let g be f(-2). Let w = -114 + g. Suppose 15*a - 16*a + w = 0. Is a prime?
True
Suppose 5 = -d, 3*w - 10 = 3*d + 65. Suppose 3*x = w*x - 5423. Is x composite?
True
Suppose -6*g = -x - 2*g, -5*x = g. Let y be 3/(-9)*(-177 - x). Suppose y = w - 354. Is w composite?
True
Let f(d) = 90*d + 30. Let h be f(7). Suppose -2*x - u = -327, 4*x + u - h = -3*u. Suppose 0 = s - 631 - x. Is s prime?
False
Let h(z) = -8*z + 187. Let c(s) = 3*s - 93. Let b(p) = -7*c(p) - 4*h(p). Is b(28) composite?
False
Suppose -5*t = 4*i - 320, -t + 0*t + 5*i = -93. Let j = t - 61. Suppose -2051 = -j*k + 8232. Is k a composite number?
True
Suppose -2*z - 3*c = -41773, -164*c = 5*z - 162*c - 104449. Is z a prime number?
False
Let t(g) = -2*g - 7. Let l be t(-5). Suppose 2*b = -4*m + 22868, -l*b - 3*m - 22889 = -5*b. Is (-5 + 4)/(3 + b/(-3812)) composite?
False
Suppose -140*c + 338021 = 17*c. Is c a prime number?
True
Let w = 35 + -36. Let n(b) = b - 1. Let a(x) = -283*x**2 + 2*x - 6. Let d(g) = w*a(g) + n(g). Is d(2) prime?
False
Let z = 245569 + -171630. Is z composite?
False
Is (1618448/24 - 1) + 40/60 prime?
False
Suppose 4*d - 9*a - 2144184 = -13*a, 0 = d + 3*a - 536036. Is d prime?
True
Let g = 8 + -39. Let u = g + 30. Is u*254*5/(-2) prime?
False
Suppose 4*l = 43 - 31. Suppose l*t - t = 10. Suppose -t*w = -w - 12, a + w = 296. Is a prime?
True
Suppose 142*i - 145*i + t + 9608 = 0, -4*i + 12776 = 3*t. Let n be 2*(-1)/(-2) - -2240. Let c = i - n. Is c a composite number?
True
Suppose 2*l + 2*b = 3668, l + 0*l - 1804 = 5*b. Let n = l + 4. Suppose -11405 + n = -4*v. Is v a prime number?
True
Is 2 + 2 - (-2 + -336944 - (-7 - 2)) prime?
False
Let v = 27 - 25. Let c be ((2 - 6) + v)*-2. Suppose 3*g - c*n = 18 + 397, 410 = 3*g - 5*n. Is g a prime number?
False
Let c = -28912 - 35518. Let o be (4/10)/((-17)/c). Is (-1)/(-2)*o/1 composite?
True
Suppose 3*d = -69 + 96. Let r(w) = 16*w**2 + 9*w - 2. Let q(i) = 8*i**2 + 4*i - 1. Let a(k) = d*q(k) - 4*r(k). Is a(7) a composite number?
True
Let f = 56 - 56. Suppose 5*z + 800 = -2*w, -5*z + f*z + 840 = -2*w. Let q = 643 + w. Is q a prime number?
True
Let k = -12308 + 61647. Is k a prime number?
True
Let c = 872376 - 320837. Is c prime?
True
Suppose -24*j + 643098 = 30*j - 48*j. Is j composite?
False
Suppose 3*v + 388*c - 69811 = 390*c, 69809 = 3*v - c. Is v a composite number?
False
Suppose -3*o - 8 = -92. Suppose -77 = -5*j + o. Is ((-381)/(-6))/(4 + j/(-6)) composite?
False
Let x = -600 + 556. Let i = 831 + x. Is i a prime number?
True
Let p = -66422 - -437839. Is p prime?
True
Suppose -19*c + 870 = -16*c - 4*b, c = -5*b + 309. Let m be 2 + -1 + (4687 - -1). Suppose 5*s = m - c. Is s a prime number?
False
Is 77672 - (-4 + -10 + 5) prime?
True
Let p(h) = 12*h**3 + h**2 - 3*